{"id":1888,"date":"2017-03-30T19:49:46","date_gmt":"2017-03-30T19:49:46","guid":{"rendered":"https:\/\/prague.foxthemes.me.1.2.0\/?page_id=1888"},"modified":"2025-12-04T14:38:57","modified_gmt":"2025-12-04T14:38:57","slug":"projects","status":"publish","type":"page","link":"https:\/\/casaydecor.com\/","title":{"rendered":"Projects"},"content":{"rendered":"<div class=\"wpb-content-wrapper\"><p>[vc_row full_width=\u00bbstretch_row_content_no_spaces\u00bb][vc_column css=\u00bb.vc_custom_1762877358218{padding-bottom: 10px !important;}\u00bb][vc_banner_title style=\u00bbbig\u00bb color_style=\u00bblight\u00bb title=\u00bbTRANSFORMAMOS TUS ESPACIOS EN REALIDADES\u00bb img=\u00bb3044&#8243; enable_overlay=\u00bbtrue\u00bb enable_fullheight=\u00bbtrue\u00bb columns=\u00bb%5B%7B%7D%5D\u00bb]<\/p>\n<div class=\"botonera\"><a class=\"btn-home\" href=\"https:\/\/casaydecor.com\/index.php\/contactanos\/\"> Solicita Presupuesto Sin Compromiso<\/a><br \/>\n<a class=\"btn-home\" href=\"https:\/\/casaydecor.com\/index.php\/services-item\/construccion\/\"> Descubre Nuestros Proyectos<\/a><\/div>\n<p><!-- banner-descripcion.html --><\/p>\n<div class=\"banner-descripcion\">\n<div class=\"banner-contenido\">\n<p>Con m\u00e1s de 15 a\u00f1os de experiencia transformando espacios en Andaluc\u00eda,<br \/>\nnos especializamos en crear hogares y negocios que superan expectativas.<br \/>\nNuestra filosof\u00eda se basa en tres pilares fundamentales: calidad artesanal,<br \/>\ncompromiso con los plazos y atenci\u00f3n personalizada.<\/p>\n<\/div>\n<\/div>\n<p>[\/vc_banner_title][\/vc_column][\/vc_row][vc_row full_width=\u00bbstretch_row_content\u00bb desctop_mt=\u00bbmargin-lg-50t\u00bb][vc_column][vc_wrapper title=\u00bbEsto es lo que hacemos\u00bb subtitle=\u00bbSERVICIOS\u00bb image=\u00bb3082&#8243; color_style=\u00bblight\u00bb][vc_projects_posts templates=\u00bbservices\u00bb post_type=\u00bbservices\u00bb total_columns=\u00bbprague_count_col3&#8243; gap_columns=\u00bbprague_gap_col15&#8243; posts_per_page=\u00bb3&#8243; button_link_class=\u00bbprague-services-link a-btn-2 creative\u00bb button_span_class=\u00bba-btn-line\u00bb button_style=\u00bbcreative\u00bb][\/vc_wrapper][\/vc_column][vc_column][vc_raw_html css=\u00bb\u00bb]JTNDaDElMjBzdHlsZSUzRCUyMnRleHQtYWxpZ24lM0ElMjBjZW50ZXIlM0IlMjBtYXJnaW4tYm90dG9tJTNBJTIwMzBweCUzQiUyMGZvbnQtZmFtaWx5JTNBJTIwQXJpYWwlMkMlMjBIZWx2ZXRpY2ElMkMlMjBzYW5zLXNlcmlmJTNCJTIwY29sb3IlM0ElMjAlMjMwMDAlM0IlMjIlM0UlMEQlMEElMjAlMjBOdWVzdHJvcyUyMHByb3llY3RvcyUwRCUwQSUzQyUyRmgxJTNF[\/vc_raw_html][\/vc_column][vc_column][vc_projects_posts templates=\u00bbmasonry\u00bb post_type=\u00bbprojects\u00bb total_columns=\u00bbprague_count_col4&#8243; image_original_size=\u00bblarge\u00bb orderby=\u00bbdate\u00bb button_link_class=\u00bbprague-services-link a-btn-2 simple\u00bb button_span_class=\u00bba-btn-line\u00bb posts_per_page=\u00bb14&#8243;][\/vc_column][\/vc_row][vc_row full_width=\u00bbstretch_row_content_no_spaces\u00bb][vc_column][vc_raw_html css=\u00bb\u00bb]JTNDaDIlMjBzdHlsZSUzRCUyMnRleHQtYWxpZ24lM0ElMjBjZW50ZXIlM0IlMjBtYXJnaW4tYm90dG9tJTNBJTIwMzBweCUzQiUyMGZvbnQtZmFtaWx5JTNBJTIwQXJpYWwlMkMlMjBIZWx2ZXRpY2ElMkMlMjBzYW5zLXNlcmlmJTNCJTIwY29sb3IlM0ElMjAlMjMwMDAlM0IlMjIlM0VOdWVzdHJhcyUyMCVDMyVCQWx0aW1hcyUyMG5vdGljaWFzJTNDJTJGaDIlM0UlMEQlMEE=[\/vc_raw_html][vc_projects_posts button_link_class=\u00bbprague-services-link a-btn-2 simple\u00bb button_span_class=\u00bba-btn-line\u00bb posts_per_page=\u00bb1&#8243;][\/vc_column][\/vc_row]<\/p>\n<\/div>","protected":false},"excerpt":{"rendered":"<p>[vc_row full_width=\u00bbstretch_row_content_no_spaces\u00bb][vc_column css=\u00bb.vc_custom_1762877358218{padding-bottom: 10px !important;}\u00bb][vc_banner_title style=\u00bbbig\u00bb color_style=\u00bblight\u00bb title=\u00bbTRANSFORMAMOS TUS ESPACIOS EN REALIDADES\u00bb img=\u00bb3044&#8243; enable_overlay=\u00bbtrue\u00bb enable_fullheight=\u00bbtrue\u00bb columns=\u00bb%5B%7B%7D%5D\u00bb] Solicita Presupuesto Sin Compromiso<\/p>\n","protected":false},"author":1,"featured_media":0,"parent":0,"menu_order":0,"comment_status":"closed","ping_status":"closed","template":"","meta":{"footnotes":""},"class_list":["post-1888","page","type-page","status-publish","hentry"],"featured_image_src":"","featured_image_src_square":"","_links":{"self":[{"href":"https:\/\/casaydecor.com\/index.php\/wp-json\/wp\/v2\/pages\/1888","targetHints":{"allow":["GET"]}}],"collection":[{"href":"https:\/\/casaydecor.com\/index.php\/wp-json\/wp\/v2\/pages"}],"about":[{"href":"https:\/\/casaydecor.com\/index.php\/wp-json\/wp\/v2\/types\/page"}],"author":[{"embeddable":true,"href":"https:\/\/casaydecor.com\/index.php\/wp-json\/wp\/v2\/users\/1"}],"replies":[{"embeddable":true,"href":"https:\/\/casaydecor.com\/index.php\/wp-json\/wp\/v2\/comments?post=1888"}],"version-history":[{"count":132,"href":"https:\/\/casaydecor.com\/index.php\/wp-json\/wp\/v2\/pages\/1888\/revisions"}],"predecessor-version":[{"id":3043,"href":"https:\/\/casaydecor.com\/index.php\/wp-json\/wp\/v2\/pages\/1888\/revisions\/3043"}],"wp:attachment":[{"href":"https:\/\/casaydecor.com\/index.php\/wp-json\/wp\/v2\/media?parent=1888"}],"curies":[{"name":"wp","href":"https:\/\/api.w.org\/{rel}","templated":true}]}}